{"id":21,"date":"2013-03-10T11:57:50","date_gmt":"2013-03-10T11:57:50","guid":{"rendered":"http:\/\/www.rekorder.ch\/?page_id=21"},"modified":"2023-01-04T16:50:32","modified_gmt":"2023-01-04T16:50:32","slug":"aufnahmen","status":"publish","type":"page","link":"https:\/\/rekorder.ch\/?page_id=21","title":{"rendered":"Aufnahmen"},"content":{"rendered":"<p><strong><span style=\"text-decoration: underline;\">Rekorder<em> <\/em>&#8211; der Name ist Programm<\/span><\/strong><\/p>\n<p>Wie der Name suggeriert, ist das Rekorder-Tonstudio wie geschaffen f\u00fcr die Aufnahme von Bands mit bis zu acht Bandmitgliedern. Recording ist DIE Spezialit\u00e4t von Rekorder.<\/p>\n<p>Mehrere getrennte Aufnahmer\u00e4ume, optimale Raumakustik und ein gem\u00fctlicher Aufenthaltsraum schaffen eine optimale Umgebung.<\/p>\n<p>Durch die r\u00e4umlicheTrennung von Hauptstudio, Schlagzeugkabine, Gesangskabine und Regieraum sind gleichzeitige Mehrspuraufnahmen mit optimaler Instrumententrennung m\u00f6glich; Dabei muss dank der Fenster nicht auf Sichtkontakt verzichtet werden.<\/p>\n<p>Die folgenden R\u00e4ume stehen zur Verf\u00fcgung:<\/p>\n<ul>\n<li>Regie<\/li>\n<li>Studio 1<\/li>\n<li>Drumcab<\/li>\n<li>Vocalcab<\/li>\n<li>Amp-Room<\/li>\n<li>Aufenthaltsraum<\/li>\n<\/ul>\n<p>Zwei m\u00f6gliche Aufnahmetechniken:<\/p>\n<p>1. Gleichzeitiges einspielen, anschliessend Overdubbing<br \/>\n&#8211; Die ganze (oder fast die ganze) Band spielt das St\u00fcck gemeinsam ein<br \/>\n&#8211; Die einzelnen Spuren werden komplett getrennt, die Bandmitglieder h\u00f6ren sich<br \/>\n\u00fcber Kopfh\u00f6rer<br \/>\n&#8211; Danach k\u00f6nnen via Overdubbing einzelne Spuren korrigiert, bzw. neu eingespielt<br \/>\nwerden<\/p>\n<p>2. Live Recording<br \/>\n&#8211; Die ganze Band richtet sich in Studio 1 ein wie im Proberaum<br \/>\n&#8211; Die einzelnen Instrumente werden abgenommen<br \/>\n&#8211; Die St\u00fccke werden wie im Proberaum eingespielt, ohne Kopfh\u00f6rer<br \/>\n&#8211; Es k\u00f6nnen allenfalls noch zus\u00e4tzliche Spuren overdubbt werden<\/p>\n<p>Die geeigneten Aufnahmeart ist f\u00fcr jede Band unterschiedlich und wird bei Rekorder<br \/>\nim voraus abgesprochen.<\/p>\n<p>&nbsp;<\/p>\n","protected":false},"excerpt":{"rendered":"<p>Rekorder &#8211; der Name ist Programm Wie der Name suggeriert, ist das Rekorder-Tonstudio wie geschaffen f\u00fcr die Aufnahme von Bands mit bis zu acht Bandmitgliedern. Recording ist DIE Spezialit\u00e4t von Rekorder. Mehrere getrennte Aufnahmer\u00e4ume, optimale Raumakustik und ein gem\u00fctlicher Aufenthaltsraum schaffen eine optimale Umgebung. Durch die r\u00e4umlicheTrennung von Hauptstudio, Schlagzeugkabine, Gesangskabine und Regieraum sind gleichzeitige [&hellip;]<\/p>\n","protected":false},"author":1,"featured_media":0,"parent":0,"menu_order":0,"comment_status":"closed","ping_status":"closed","template":"","meta":{"footnotes":""},"class_list":["post-21","page","type-page","status-publish","hentry"],"_links":{"self":[{"href":"https:\/\/rekorder.ch\/index.php?rest_route=\/wp\/v2\/pages\/21","targetHints":{"allow":["GET"]}}],"collection":[{"href":"https:\/\/rekorder.ch\/index.php?rest_route=\/wp\/v2\/pages"}],"about":[{"href":"https:\/\/rekorder.ch\/index.php?rest_route=\/wp\/v2\/types\/page"}],"author":[{"embeddable":true,"href":"https:\/\/rekorder.ch\/index.php?rest_route=\/wp\/v2\/users\/1"}],"replies":[{"embeddable":true,"href":"https:\/\/rekorder.ch\/index.php?rest_route=%2Fwp%2Fv2%2Fcomments&post=21"}],"version-history":[{"count":1,"href":"https:\/\/rekorder.ch\/index.php?rest_route=\/wp\/v2\/pages\/21\/revisions"}],"predecessor-version":[{"id":255,"href":"https:\/\/rekorder.ch\/index.php?rest_route=\/wp\/v2\/pages\/21\/revisions\/255"}],"wp:attachment":[{"href":"https:\/\/rekorder.ch\/index.php?rest_route=%2Fwp%2Fv2%2Fmedia&parent=21"}],"curies":[{"name":"wp","href":"https:\/\/api.w.org\/{rel}","templated":true}]}}